611. Calculate v(25).
7
Let o(x) = -x**2 - 6*x - 3. Suppose -61*h - 10 = -60*h. Let p = h + 5. Determine o(p).
2
Let o(v) = -2*v**2 + 2*v - 28. Let q be o(0). Let g = 27 + q. Let a(n) = 1 - n + 2*n - 3*n - 6*n. Give a(g).
9
Let r(k) be the third derivative of -k**5/60 + 5*k**4/12 + 11*k**3/6 + 1402*k**2. Give r(11).
0
Let p(c) be the first derivative of 2*c**2 - 23*c + 224. Calculate p(10).
17
Let p(b) be the third derivative of b**4/2 - 2*b**3/3 + 1287*b**2. Give p(1).
8
Let h(n) = -1134 + 2*n - 5*n + 1283 - 4*n - n**2. Calculate h(-16).
5
Let t(v) = -v**3 + 2*v + 85*v - 88*v + 16 + v**2. Determine t(0).
16
Let q(l) = -4*l + 84. Let n = 3613 + -3598. What is q(n)?
24
Let l(h) be the first derivative of h**2/2 + 10*h - 1. Suppose 111*n = -5*w + 115*n + 1, -3*w + 5*n = -24. Give l(w).
3
Let u = -226 - -225. Let t(y) = 5*y + 7. Let a(m) = -m - 1. Let f(s) = u*t(s) - 4*a(s). Determine f(0).
-3
Let j(w) = -21*w - 5. Let p = 120 - 114. Let u be j(p). Let g = u + 129. Let x(b) = -5*b**2 - 2*b - 1. What is x(g)?
-17
Let d = -16181/6 + 2697. Let p(r) be the second derivative of 0 + 1/2*r**2 - d*r**3 - 5*r. Calculate p(4).
-3
Let b(v) be the first derivative of v**3/3 - 5*v**2/2 + v + 7. Suppose 2*w - f + 438 - 450 = 0, w - 6 = 3*f. Determine b(w).
7
Let m(h) = 8*h - 20. Let d(p) = 5 + 24*p - 27*p + 2. Let w(y) = -11*d(y) - 4*m(y). Let v be (-3)/(-6) - 9/2. Determine w(v).
-1
Let g = -2 - 4. Let h be (-140)/105 + (-76)/(-12). Let s(w) = 4 - h*w + 234600*w**2 - 2 - 234601*w**2. Give s(g).
-4
Let c(n) = -n**2 + 8*n + 4. Let w be c(8). Let f(h) = -304 + 144 + 12 + 134 + 10*h - 5*h. Calculate f(w).
6
Suppose -12 = 5*j + 8*f, -13*j + 4*f + 4 = -15*j. Let d(n) = 6*n**2 + 22*n - 6. Give d(j).
2
Let g(m) = m**2 + 2*m - 3. Suppose 6*c + 1212 = 4*v + 5*c, 5*c - 282 = -v. Let q = v + -306. Calculate g(q).
5
Let s(z) = -z**2 - 30*z - 5. Suppose 110*t = 9*t - 2926 - 104. What is s(t)?
-5
Let t be ((-189)/(-189))/(1*(-2)/14). Let z be 23 - ((6 - t) + -6). Let c(q) = q**2 - 17*q + 17. What is c(z)?
1
Let a(k) be the first derivative of k**4/4 - 4*k**3/3 - 2*k**2 + k + 3. Let u(z) = 10*z + 13*z - 38*z + 4 + 14*z. Let y be u(-1). What is a(y)?
6
Let i(d) be the third derivative of d**4/8 - d**3/2 - 5*d**2. Let z(f) = 14 - 7 + 6 + 2*f. Let a be z(-5). What is i(a)?
6
Suppose 10*i - 49 = 8*i - 5*d, -4*i + 2*d = -86. Let h(m) be the third derivative of i*m**2 + 0*m + 1/24*m**4 + 0 - 1/6*m**3. Determine h(-1).
-2
Suppose 4*n + 8*k + 16 = 4*k, 0 = -3*n - 4*k - 17. Suppose -9 = -2*b - 3. Let w(c) = -4 + 3*c - c + 5 - b*c. Give w(n).
0
Let b(n) = 88*n - 95. Let o be b(1). Let k(r) = r**3 + 5*r**2 - 14*r - 10. Determine k(o).
-10
Let b(z) = z**2 - 13*z + 23. Let t(c) = 5*c**2 - 151*c - 275. Let h be t(32). Calculate b(h).
23
Let m(n) = 5*n + 33. Let b be (4/(-6))/(11 - 2290/210). Give m(b).
-2
Suppose 0 = -11*z - 1703 + 1637. Let d(n) be the third derivative of -n**3 - 8*n**2 + 0 - 7/60*n**5 - 7/24*n**4 - 1/120*n**6 + 0*n. Calculate d(z).
0
Let x(i) be the first derivative of i**4/4 - 2*i**3 - 3*i**2 + 4*i - 19. Let n(b) = b**3 + 10*b**2 + 21*b + 7. Let a be n(-7). Give x(a).
11
Let l(w) = 29*w - 67*w + 34*w + 4 + 2 - 3 - 6*w**2. Let o = -589 + 591. Determine l(o).
-29
Let z = -566629/1320 + 4722/11. Let v(a) be the third derivative of -7/6*a**3 - z*a**6 - 1/12*a**5 + 0 - 29*a**2 + 0*a + 5/24*a**4. Calculate v(-6).
-1
Let l(f) be the third derivative of f**4/8 + 13*f**3/3 + 18*f**2 - 5. Let c(t) = -t - 8. Let r(g) = -8*c(g) - 3*l(g). Determine r(-11).
-3
Let p(k) = k**3 - 2*k**2 + 2*k - 2. Let a be p(2). Let r(b) = 0*b**a + 3 + 4*b**2 + b - b**3 + 4*b. Suppose 26*q + 340*q - 669 = 1161. Give r(q).
3
Let l = -4 + 3. Let z(c) = 7*c**3 - 7*c**2 - 7*c - 7. Let i(g) = -1855*g**2 - 6*g - 5 - 1 + 1849*g**2 + 6*g**3. Let p(u) = 6*i(u) - 5*z(u). Give p(l).
-2
Let k be (0/((-1)/(7 - 6)))/(2*-1). Let r(a) be the second derivative of -a**2 + 0*a**3 + 19*a + k + 1/12*a**4. Determine r(0).
-2
Let a(j) = 18106 - 6*j + 18093 - 54300 - j**2 + 18102. Let p(i) = 3*i + 4. Let x be p(-3). What is a(x)?
6
Let a(o) be the first derivative of 1/2*o**2 - 2/3*o**3 + o - 1. Suppose -4*h - 5*w = 167 - 138, h + 4*w = -21. Determine a(h).
-2
Let y(x) be the second derivative of -x**5/20 + 5*x**4/12 - x**3/3 + 2*x**2 + 2423*x. Determine y(5).
-6
Suppose 5*x - 37 = s, -4*s + 6 = -2*x + 10. Let d be (x/3)/(((-16)/6)/4). Let u(f) = f**3 + 3*f**2 - 3*f. Give u(d).
-4
Let p(j) = -10*j**3 + 540*j**2 + 4*j - 203. Let a be p(54). Let w(l) = 21. Let f(y) = -y + 1. Let i(n) = -2*f(n) - w(n). Determine i(a).
3
Suppose 2*t - 4 = -2*l, 0 = -l - 4*l + 4*t + 37. Let g(z) = l*z - 12 + 20 - 3. Let i(o) = -5*o - 7. Let s(u) = -3*g(u) - 2*i(u). Calculate s(1).
-6
Suppose -2 = 2*x, x = 3*h - x + 22. Let u be (3 + -7 - h) + 0. Suppose -20 = -u*r + 4*d, -3*r = 3*d - d - 25. Let v(l) = l**2 - 7*l. Determine v(r).
0
Let t(o) = -o + 5. Let m be t(-3). Let z(x) = -9*x**3 - x**2 - x + 6. Let f(g) = -34*g**3 - 2*g**2 - 2*g + 25. Let q(u) = -4*f(u) + 15*z(u). Give q(m).
-2
Let x(q) = 1628257*q**2 - 1 + 16 + 20*q - 1628254*q**2. What is x(-8)?
47
Let h be (-3)/(4 - (-315)/(-72)). Let n(j) = 8*j - 62. What is n(h)?
2
Let a(x) = -227*x + 1. Let d(r) = 182*r. Let u(k) = 4*a(k) + 5*d(k). Suppose h - 3 = -0*h. Calculate u(h).
10
Suppose -z = 2*z. Let f be (15/10)/(3/234). Let y(x) = 118*x**2 - x**3 - f*x**2 - 2 + 0 + 0*x**3. Calculate y(z).
-2
Suppose -28*p + 78 + 174 = 0. Let n(o) = o**2 - 12*o + 20. Determine n(p).
-7
Let w = 233 - 189. Let h = -39 + w. Let b(u) = u**2 - 2*u - 2. Determine b(h).
13
Let s = -30 + 33. Suppose -5*b - 10 = c + s*c, 0 = -c + 5. Let n(a) = a. What is n(b)?
-6
Let p(x) = 5*x + 48. Let w(t) = 2*t + 9. Let s(u) = -p(u) + 3*w(u). Determine s(14).
-7
Let g(k) = -k**3 + k**2 + 2. Let b(o) = 6*o**3 - 28*o**2 + 15*o - 24. Let h(a) = b(a) + 3*g(a). Determine h(8).
38
Let i be -10*2*30/225 + 2/(-6). Let z(b) = 12*b - 6. What is z(i)?
-42
Let v(c) = -55*c - 48 + 35*c + 25*c. Calculate v(8).
-8
Let k(d) be the third derivative of 2*d**4/3 - 98*d**3/3 - 10851*d**2. What is k(12)?
-4
Let p(w) be the second derivative of w**4/4 + 7*w**3/6 - 19*w**2/2 - 717*w - 2. Determine p(-4).
1
Let d(g) = 6*g**3 + g**2 - 1. Suppose -5*v = 2*l - 6, -v + 3*l - 11 = -2. Suppose v = 6*n + 14 - 20. Determine d(n).
6
Let u = 136 + -136. Let i(d) = 5*d**2 - 3*d - 3. Let l(s) = s**2 - s - 1. Suppose 0 = 2*p + 7*p - 36. Let a(g) = p*l(g) - i(g). Calculate a(u).
-1
Let m(w) = -816 + 277 + 281 + 255 - 8*w. Let g(i) = 19*i**2 - 2*i + 1. Let a be g(1). Let q be (a/(-12))/(2/(-4)). What is m(q)?
-27
Let m(p) be the second derivative of 41*p**3/6 + p**2/2 - 3*p - 110. What is m(-1)?
-40
Suppose -5*i + 140 = 4*u, u - 3 - 31 = -i. Suppose -4*f + u = f. Let z(q) = -4 + 2*q + 0 - 6*q**2 + f*q + 7*q**2. Give z(-9).
5
Suppose 3 = -l + 3*r, -3*r - 15 = -61*l + 58*l. Let v(j) = -j**2 - 3*j. Let d be v(-2). Let z(u) = 3 - 2*u - d + 10. Calculate z(l).
-7
Let f(u) = -u**2 - 3*u + 3. Let j = -8 + 5. Let v be (j/1 + 4)*0. Suppose z - 4 = 4*l - v, -z + 5*l = -6. Calculate f(z).
-1
Let p(m) = 24*m**2 + 1. Let h be p(-1). Let w = h - 24. Let d(r) = -2*r**2 + 6*r - w - 3*r - 5*r. Give d(-2).
-5
Let h(j) = -2*j**2 - 120*j - 340. Let s be h(-57). Let w = 16 - 13. Let p(g) = -4 + 2 + w + 0 + 3*g. Calculate p(s).
7
Let j(m) = -m**3 - 10*m**2 + 39*m + 3. Suppose -3*k - p = 41, -2*k - 63 = 3*k - p. What is j(k)?
3
Let l(r) = -r**3 - 7*r**2 + 10*r + 9. Let h(c) = 32*c - 48. Let y be h(7). Let b = y + -184. What is l(b)?
-7
Let n be 6/(-13)*(-26)/3. Let b(p) = -3*p + 4 - 3*p - 7*p + 2*p. Give b(n).
-40
Let q(v) be the third derivative of -13/60*v**6 + 1/60*v**5 + 0 + 0*v**4 + 133*v**2 + 0*v - 1/6*v**3. Determine q(-1).
26
Let a(x) be the third derivative of x**5/60 + 7*x**4/24 - x**3 + 81*x**2. Let p be a(-6). Let m(j) = j**3 + 12*j**2 + j + 14. What is m(p)?
2
Let j(h) be the second derivative of h**4/6 + h**2 + 119*h - 1. Calculate j(-2).
10
Let s(g) be the third derivative of g**5/60 + g**4/8 - g**3/3 - 1492*g**2. Calculate s(-5).
8
Let l(b) be the first derivative of -b**2 - 9*b + 1. Suppose -18*z + 0*z = -864. Suppose 586*s - z = 594*s. Give l(s).
3
Let d(g) = -742118*g + 371044*g + 1 + 371076*g. Let c be 4/10 - 4/10. Calculate d(c).
1
Suppose -4*a + 5*j = 3 + 14, -3*